{"id":2618,"date":"2016-01-20T01:09:11","date_gmt":"2016-01-20T00:09:11","guid":{"rendered":"http:\/\/bodorasler.com\/?page_id=2618"},"modified":"2018-08-08T00:37:20","modified_gmt":"2018-08-07T23:37:20","slug":"dienstwagen-service-cars","status":"publish","type":"page","link":"http:\/\/bodorasler.com\/?page_id=2618","title":{"rendered":"Dienstwagen \/ Service Cars"},"content":{"rendered":"<h1><\/h1>\n<h1><span style=\"text-decoration: underline;\"><span style=\"color: #00ff00; text-decoration: underline;\">Update: 07.08.2017<\/span><\/span><\/h1>\n<h1><\/h1>\n<h1><\/h1>\n<p>&nbsp;<\/p>\n<p>&nbsp;<\/p>\n<h2><span style=\"color: #ff6600;\">\u00dcber 35 Dienstwagen verschiedener Hersteller stehen zum Verkauf &#8211; Liste anfordern oder geziehlt anfragen!<\/span><\/h2>\n<p>&nbsp;<\/p>\n<p>&nbsp;<\/p>\n<h1 class=\"it-ttl\"><span style=\"text-decoration: underline;\">Roco 45026 &#8211; DB, Messwagen, gr\u00fcn, &#8222;Lue-Messwagen&#8220;, fuer G\u00fctersendungen mit Lademass-\u00dcberschreitung, DB AG-Keks, angebaute Faltenbalge, SOS 2002 VEDES, Ep. V<\/span><\/h1>\n<h1 class=\"it-ttl\"><span style=\"text-decoration: underline;\"><a href=\"http:\/\/bodorasler.com\/wp-content\/uploads\/2016\/01\/Roco-45026-LUE-Messwagen-473-aus-Eilzugwagen-fuer-Ladungen-mit-Massueberschreitungen.jpg\"><img loading=\"lazy\" decoding=\"async\" class=\"wp-image-4639 aligncenter\" src=\"http:\/\/bodorasler.com\/wp-content\/uploads\/2016\/01\/Roco-45026-LUE-Messwagen-473-aus-Eilzugwagen-fuer-Ladungen-mit-Massueberschreitungen.jpg\" alt=\"\" width=\"1112\" height=\"339\" srcset=\"http:\/\/bodorasler.com\/wp-content\/uploads\/2016\/01\/Roco-45026-LUE-Messwagen-473-aus-Eilzugwagen-fuer-Ladungen-mit-Massueberschreitungen.jpg 1600w, http:\/\/bodorasler.com\/wp-content\/uploads\/2016\/01\/Roco-45026-LUE-Messwagen-473-aus-Eilzugwagen-fuer-Ladungen-mit-Massueberschreitungen-300x92.jpg 300w, http:\/\/bodorasler.com\/wp-content\/uploads\/2016\/01\/Roco-45026-LUE-Messwagen-473-aus-Eilzugwagen-fuer-Ladungen-mit-Massueberschreitungen-768x234.jpg 768w, http:\/\/bodorasler.com\/wp-content\/uploads\/2016\/01\/Roco-45026-LUE-Messwagen-473-aus-Eilzugwagen-fuer-Ladungen-mit-Massueberschreitungen-1024x312.jpg 1024w, http:\/\/bodorasler.com\/wp-content\/uploads\/2016\/01\/Roco-45026-LUE-Messwagen-473-aus-Eilzugwagen-fuer-Ladungen-mit-Massueberschreitungen-250x76.jpg 250w, http:\/\/bodorasler.com\/wp-content\/uploads\/2016\/01\/Roco-45026-LUE-Messwagen-473-aus-Eilzugwagen-fuer-Ladungen-mit-Massueberschreitungen-150x46.jpg 150w\" sizes=\"(max-width: 1112px) 100vw, 1112px\" \/><\/a><\/span><\/h1>\n<p>&nbsp;<\/p>\n<h1 class=\"it-ttl\"><span style=\"text-decoration: underline;\">Roco 43146 &#8211; DB, Kran-Begleitwagen, ex-3-achs Umbauwagen, verkehrsrot, DB AG-Keks, SOS 2001,Ep.V<\/span><\/h1>\n<p><a href=\"http:\/\/bodorasler.com\/wp-content\/uploads\/2016\/01\/Roco-43146-SOS-2001-Dienstwagen-Kran-Begleitwagen-ex-3-achs-Umbauwagen-verkehrsrot-DB-AG-Keks.jpg\"><img loading=\"lazy\" decoding=\"async\" class=\"wp-image-4643 aligncenter\" src=\"http:\/\/bodorasler.com\/wp-content\/uploads\/2016\/01\/Roco-43146-SOS-2001-Dienstwagen-Kran-Begleitwagen-ex-3-achs-Umbauwagen-verkehrsrot-DB-AG-Keks.jpg\" alt=\"\" width=\"1109\" height=\"429\" srcset=\"http:\/\/bodorasler.com\/wp-content\/uploads\/2016\/01\/Roco-43146-SOS-2001-Dienstwagen-Kran-Begleitwagen-ex-3-achs-Umbauwagen-verkehrsrot-DB-AG-Keks.jpg 1600w, http:\/\/bodorasler.com\/wp-content\/uploads\/2016\/01\/Roco-43146-SOS-2001-Dienstwagen-Kran-Begleitwagen-ex-3-achs-Umbauwagen-verkehrsrot-DB-AG-Keks-300x116.jpg 300w, http:\/\/bodorasler.com\/wp-content\/uploads\/2016\/01\/Roco-43146-SOS-2001-Dienstwagen-Kran-Begleitwagen-ex-3-achs-Umbauwagen-verkehrsrot-DB-AG-Keks-768x297.jpg 768w, http:\/\/bodorasler.com\/wp-content\/uploads\/2016\/01\/Roco-43146-SOS-2001-Dienstwagen-Kran-Begleitwagen-ex-3-achs-Umbauwagen-verkehrsrot-DB-AG-Keks-1024x396.jpg 1024w, http:\/\/bodorasler.com\/wp-content\/uploads\/2016\/01\/Roco-43146-SOS-2001-Dienstwagen-Kran-Begleitwagen-ex-3-achs-Umbauwagen-verkehrsrot-DB-AG-Keks-250x97.jpg 250w, http:\/\/bodorasler.com\/wp-content\/uploads\/2016\/01\/Roco-43146-SOS-2001-Dienstwagen-Kran-Begleitwagen-ex-3-achs-Umbauwagen-verkehrsrot-DB-AG-Keks-150x58.jpg 150w\" sizes=\"(max-width: 1109px) 100vw, 1109px\" \/><\/a><\/p>\n<p>&nbsp;<\/p>\n<h1 class=\"it-ttl\"><span style=\"text-decoration: underline;\">Roco 47330 &#8211; DB, MD-Bahndienstwagen, verkehrsrot, DB AG, &#8222;Netz Notfalltechnik&#8220;, SOS 2000, IDEE &amp; SPIEL, Ep.V<\/span><\/h1>\n<h1>\u00a0<a href=\"http:\/\/bodorasler.com\/wp-content\/uploads\/2016\/01\/Roco-47330-Bahndienstwage-4-achs.-Behelfspw.-rot-Ep.5.2.jpg\"><img loading=\"lazy\" decoding=\"async\" class=\" wp-image-4646 aligncenter\" src=\"http:\/\/bodorasler.com\/wp-content\/uploads\/2016\/01\/Roco-47330-Bahndienstwage-4-achs.-Behelfspw.-rot-Ep.5.2.jpg\" alt=\"\" width=\"1100\" height=\"336\" srcset=\"http:\/\/bodorasler.com\/wp-content\/uploads\/2016\/01\/Roco-47330-Bahndienstwage-4-achs.-Behelfspw.-rot-Ep.5.2.jpg 1057w, http:\/\/bodorasler.com\/wp-content\/uploads\/2016\/01\/Roco-47330-Bahndienstwage-4-achs.-Behelfspw.-rot-Ep.5.2-300x92.jpg 300w, http:\/\/bodorasler.com\/wp-content\/uploads\/2016\/01\/Roco-47330-Bahndienstwage-4-achs.-Behelfspw.-rot-Ep.5.2-768x235.jpg 768w, http:\/\/bodorasler.com\/wp-content\/uploads\/2016\/01\/Roco-47330-Bahndienstwage-4-achs.-Behelfspw.-rot-Ep.5.2-1024x313.jpg 1024w, http:\/\/bodorasler.com\/wp-content\/uploads\/2016\/01\/Roco-47330-Bahndienstwage-4-achs.-Behelfspw.-rot-Ep.5.2-250x76.jpg 250w, http:\/\/bodorasler.com\/wp-content\/uploads\/2016\/01\/Roco-47330-Bahndienstwage-4-achs.-Behelfspw.-rot-Ep.5.2-150x46.jpg 150w\" sizes=\"(max-width: 1100px) 100vw, 1100px\" \/><\/a><\/h1>\n<p>&nbsp;<\/p>\n<h1><span style=\"text-decoration: underline;\">Lima HL 6006 &#8211; Bauzugwagen ex. Postwagen Post 2-a\/14, Bautruppfuehrerwagen 467, blau, Ep. IV<br \/>\n<\/span><\/h1>\n<h1><a href=\"http:\/\/bodorasler.com\/wp-content\/uploads\/2016\/01\/Lima-6006-Bauzugwagen-ex.-Postwagen-Post-2-a-14.jpg\"><img loading=\"lazy\" decoding=\"async\" class=\"wp-image-4634 aligncenter\" src=\"http:\/\/bodorasler.com\/wp-content\/uploads\/2016\/01\/Lima-6006-Bauzugwagen-ex.-Postwagen-Post-2-a-14.jpg\" alt=\"\" width=\"1005\" height=\"372\" srcset=\"http:\/\/bodorasler.com\/wp-content\/uploads\/2016\/01\/Lima-6006-Bauzugwagen-ex.-Postwagen-Post-2-a-14.jpg 1500w, http:\/\/bodorasler.com\/wp-content\/uploads\/2016\/01\/Lima-6006-Bauzugwagen-ex.-Postwagen-Post-2-a-14-300x111.jpg 300w, http:\/\/bodorasler.com\/wp-content\/uploads\/2016\/01\/Lima-6006-Bauzugwagen-ex.-Postwagen-Post-2-a-14-768x284.jpg 768w, http:\/\/bodorasler.com\/wp-content\/uploads\/2016\/01\/Lima-6006-Bauzugwagen-ex.-Postwagen-Post-2-a-14-1024x379.jpg 1024w, http:\/\/bodorasler.com\/wp-content\/uploads\/2016\/01\/Lima-6006-Bauzugwagen-ex.-Postwagen-Post-2-a-14-250x93.jpg 250w, http:\/\/bodorasler.com\/wp-content\/uploads\/2016\/01\/Lima-6006-Bauzugwagen-ex.-Postwagen-Post-2-a-14-150x56.jpg 150w\" sizes=\"(max-width: 1005px) 100vw, 1005px\" \/><\/a><\/h1>\n<h1><span style=\"text-decoration: underline;\">Liliput 225821 &#8211; Wasserwagen, Feuerwehr, Basis: 4-achsiger Kesselwagen 400 hl, DB AG-Keks, gelb, Ep. V<br \/>\n<\/span><\/h1>\n<h1><a href=\"http:\/\/bodorasler.com\/wp-content\/uploads\/2016\/01\/Liliput-225-821-Wasserwagen-der-DB-Feuerwehr-gelb-Ep.5.2.jpg\"><img loading=\"lazy\" decoding=\"async\" class=\"size-full wp-image-4631 aligncenter\" src=\"http:\/\/bodorasler.com\/wp-content\/uploads\/2016\/01\/Liliput-225-821-Wasserwagen-der-DB-Feuerwehr-gelb-Ep.5.2.jpg\" alt=\"\" width=\"762\" height=\"248\" srcset=\"http:\/\/bodorasler.com\/wp-content\/uploads\/2016\/01\/Liliput-225-821-Wasserwagen-der-DB-Feuerwehr-gelb-Ep.5.2.jpg 762w, http:\/\/bodorasler.com\/wp-content\/uploads\/2016\/01\/Liliput-225-821-Wasserwagen-der-DB-Feuerwehr-gelb-Ep.5.2-300x98.jpg 300w, http:\/\/bodorasler.com\/wp-content\/uploads\/2016\/01\/Liliput-225-821-Wasserwagen-der-DB-Feuerwehr-gelb-Ep.5.2-250x81.jpg 250w, http:\/\/bodorasler.com\/wp-content\/uploads\/2016\/01\/Liliput-225-821-Wasserwagen-der-DB-Feuerwehr-gelb-Ep.5.2-150x49.jpg 150w\" sizes=\"(max-width: 762px) 100vw, 762px\" \/><\/a><\/h1>\n<h1><span style=\"text-decoration: underline;\">Liliput 225061 &#8211; DB Netz Notfalltechnik, Leckagekesselwagen, rot, weisse Bauchbinde horizontal, BD AG-Logo &#8222;Netz Notfalltechnik&#8220;, &#8222;Ausbildungszug&#8220;, Ep. V<\/span><\/h1>\n<p><a href=\"http:\/\/bodorasler.com\/wp-content\/uploads\/2016\/01\/Liliput-225-061-Leckagekesselwagen-DB-NETZ-Notfalltechnik-Ep.5.jpg\"><img loading=\"lazy\" decoding=\"async\" class=\"wp-image-4545 aligncenter\" src=\"http:\/\/bodorasler.com\/wp-content\/uploads\/2016\/01\/Liliput-225-061-Leckagekesselwagen-DB-NETZ-Notfalltechnik-Ep.5.jpg\" alt=\"\" width=\"588\" height=\"293\" srcset=\"http:\/\/bodorasler.com\/wp-content\/uploads\/2016\/01\/Liliput-225-061-Leckagekesselwagen-DB-NETZ-Notfalltechnik-Ep.5.jpg 1204w, http:\/\/bodorasler.com\/wp-content\/uploads\/2016\/01\/Liliput-225-061-Leckagekesselwagen-DB-NETZ-Notfalltechnik-Ep.5-300x150.jpg 300w, http:\/\/bodorasler.com\/wp-content\/uploads\/2016\/01\/Liliput-225-061-Leckagekesselwagen-DB-NETZ-Notfalltechnik-Ep.5-768x383.jpg 768w, http:\/\/bodorasler.com\/wp-content\/uploads\/2016\/01\/Liliput-225-061-Leckagekesselwagen-DB-NETZ-Notfalltechnik-Ep.5-1024x510.jpg 1024w, http:\/\/bodorasler.com\/wp-content\/uploads\/2016\/01\/Liliput-225-061-Leckagekesselwagen-DB-NETZ-Notfalltechnik-Ep.5-250x125.jpg 250w, http:\/\/bodorasler.com\/wp-content\/uploads\/2016\/01\/Liliput-225-061-Leckagekesselwagen-DB-NETZ-Notfalltechnik-Ep.5-150x75.jpg 150w\" sizes=\"(max-width: 588px) 100vw, 588px\" \/><\/a><\/p>\n<h1><\/h1>\n<h1><span style=\"text-decoration: underline;\">Liliput 328711 &#8211; Signaltechnik &#8211; Messwagen, SIGW Wuppertal, Ep. IV<\/span><\/h1>\n<p><a href=\"http:\/\/bodorasler.com\/wp-content\/uploads\/2016\/01\/Liliput-328711-Signaltechnik-Messwagen-SIGW-Wuppertal-Ep.-IV.jpg\" rel=\"attachment wp-att-2625\"><img loading=\"lazy\" decoding=\"async\" class=\" wp-image-2625 aligncenter\" src=\"http:\/\/bodorasler.com\/wp-content\/uploads\/2016\/01\/Liliput-328711-Signaltechnik-Messwagen-SIGW-Wuppertal-Ep.-IV.jpg\" alt=\"Liliput 328711 - Signaltechnik - Messwagen, SIGW Wuppertal, Ep. IV\" width=\"934\" height=\"207\" srcset=\"http:\/\/bodorasler.com\/wp-content\/uploads\/2016\/01\/Liliput-328711-Signaltechnik-Messwagen-SIGW-Wuppertal-Ep.-IV.jpg 600w, http:\/\/bodorasler.com\/wp-content\/uploads\/2016\/01\/Liliput-328711-Signaltechnik-Messwagen-SIGW-Wuppertal-Ep.-IV-300x67.jpg 300w, http:\/\/bodorasler.com\/wp-content\/uploads\/2016\/01\/Liliput-328711-Signaltechnik-Messwagen-SIGW-Wuppertal-Ep.-IV-250x55.jpg 250w, http:\/\/bodorasler.com\/wp-content\/uploads\/2016\/01\/Liliput-328711-Signaltechnik-Messwagen-SIGW-Wuppertal-Ep.-IV-150x33.jpg 150w\" sizes=\"(max-width: 934px) 100vw, 934px\" \/><\/a><\/p>\n<p>&nbsp;<\/p>\n<p>&nbsp;<\/p>\n<h1><span style=\"text-decoration: underline;\">Liliput 328721 &#8211; Ladema\u00df\u00fcberschreitungs &#8211; Messwagen, ESG Schiene, Ep. V<\/span><\/h1>\n<p><a href=\"http:\/\/bodorasler.com\/wp-content\/uploads\/2016\/01\/b047ba8d6b1b0f56ba0a74d4428e7892.jpg\" rel=\"attachment wp-att-2627\"><img loading=\"lazy\" decoding=\"async\" class=\" wp-image-2627 aligncenter\" src=\"http:\/\/bodorasler.com\/wp-content\/uploads\/2016\/01\/b047ba8d6b1b0f56ba0a74d4428e7892.jpg\" alt=\"Liliput 328721 - Ladema\u00df\u00fcberschreitungs - Messwagen, ESG Schiene, Ep. V\" width=\"937\" height=\"214\" srcset=\"http:\/\/bodorasler.com\/wp-content\/uploads\/2016\/01\/b047ba8d6b1b0f56ba0a74d4428e7892.jpg 600w, http:\/\/bodorasler.com\/wp-content\/uploads\/2016\/01\/b047ba8d6b1b0f56ba0a74d4428e7892-300x69.jpg 300w, http:\/\/bodorasler.com\/wp-content\/uploads\/2016\/01\/b047ba8d6b1b0f56ba0a74d4428e7892-250x57.jpg 250w, http:\/\/bodorasler.com\/wp-content\/uploads\/2016\/01\/b047ba8d6b1b0f56ba0a74d4428e7892-150x34.jpg 150w\" sizes=\"(max-width: 937px) 100vw, 937px\" \/><\/a><\/p>\n<p>&nbsp;<\/p>\n<p>&nbsp;<\/p>\n<h1><span style=\"text-decoration: underline;\">Liliput 383811 &#8211; Kran-Begleitwagen &#8218;Goliath&#8216;, rot, DB, Ep. V<\/span><\/h1>\n<p><a href=\"http:\/\/bodorasler.com\/wp-content\/uploads\/2016\/01\/Liliput-383811-Kran-Begleitwagen-Goliath-rot-DB-Ep.-V.2.jpg\" rel=\"attachment wp-att-2628\"><img loading=\"lazy\" decoding=\"async\" class=\" wp-image-2628 aligncenter\" src=\"http:\/\/bodorasler.com\/wp-content\/uploads\/2016\/01\/Liliput-383811-Kran-Begleitwagen-Goliath-rot-DB-Ep.-V.2.jpg\" alt=\"Liliput 383811 - Kran-Begleitwagen 'Goliath', rot, DB, Ep. V.2\" width=\"905\" height=\"256\" srcset=\"http:\/\/bodorasler.com\/wp-content\/uploads\/2016\/01\/Liliput-383811-Kran-Begleitwagen-Goliath-rot-DB-Ep.-V.2.jpg 700w, http:\/\/bodorasler.com\/wp-content\/uploads\/2016\/01\/Liliput-383811-Kran-Begleitwagen-Goliath-rot-DB-Ep.-V.2-300x85.jpg 300w, http:\/\/bodorasler.com\/wp-content\/uploads\/2016\/01\/Liliput-383811-Kran-Begleitwagen-Goliath-rot-DB-Ep.-V.2-250x71.jpg 250w, http:\/\/bodorasler.com\/wp-content\/uploads\/2016\/01\/Liliput-383811-Kran-Begleitwagen-Goliath-rot-DB-Ep.-V.2-150x42.jpg 150w\" sizes=\"(max-width: 905px) 100vw, 905px\" \/><\/a><\/p>\n<p>&nbsp;<\/p>\n<h1 class=\"it-ttl\"><span style=\"text-decoration: underline;\">Roco 44904 &#8211; DB, Dienst mh 327, Messwagen<br \/>\n<\/span><\/h1>\n<p><a href=\"http:\/\/bodorasler.com\/wp-content\/uploads\/2014\/08\/Roco-44904-Messwagen-Dienst-mh-327-gelb.jpg\"><img loading=\"lazy\" decoding=\"async\" class=\"wp-image-1220 aligncenter\" src=\"http:\/\/bodorasler.com\/wp-content\/uploads\/2014\/08\/Roco-44904-Messwagen-Dienst-mh-327-gelb.jpg\" alt=\"Roco 44904 - Messwagen - Dienst mh 327, gelb\" width=\"876\" height=\"657\" srcset=\"http:\/\/bodorasler.com\/wp-content\/uploads\/2014\/08\/Roco-44904-Messwagen-Dienst-mh-327-gelb.jpg 800w, http:\/\/bodorasler.com\/wp-content\/uploads\/2014\/08\/Roco-44904-Messwagen-Dienst-mh-327-gelb-300x225.jpg 300w\" sizes=\"(max-width: 876px) 100vw, 876px\" \/><\/a><\/p>\n<h1 class=\"it-ttl\"><span style=\"text-decoration: underline;\">Roco 44909 &#8211; DB, Dienst mh 327, Messwagen<\/span><\/h1>\n<p><a href=\"http:\/\/bodorasler.com\/wp-content\/uploads\/2016\/01\/98de1811f7cdb8e35ee4b51c5439ff75.jpg\"><img loading=\"lazy\" decoding=\"async\" class=\"size-full wp-image-4366 aligncenter\" src=\"http:\/\/bodorasler.com\/wp-content\/uploads\/2016\/01\/98de1811f7cdb8e35ee4b51c5439ff75.jpg\" alt=\"\" width=\"1024\" height=\"561\" srcset=\"http:\/\/bodorasler.com\/wp-content\/uploads\/2016\/01\/98de1811f7cdb8e35ee4b51c5439ff75.jpg 1024w, http:\/\/bodorasler.com\/wp-content\/uploads\/2016\/01\/98de1811f7cdb8e35ee4b51c5439ff75-300x164.jpg 300w, http:\/\/bodorasler.com\/wp-content\/uploads\/2016\/01\/98de1811f7cdb8e35ee4b51c5439ff75-768x421.jpg 768w, http:\/\/bodorasler.com\/wp-content\/uploads\/2016\/01\/98de1811f7cdb8e35ee4b51c5439ff75-250x137.jpg 250w, http:\/\/bodorasler.com\/wp-content\/uploads\/2016\/01\/98de1811f7cdb8e35ee4b51c5439ff75-150x82.jpg 150w\" sizes=\"(max-width: 1024px) 100vw, 1024px\" \/><\/a><\/p>\n<h1 class=\"it-ttl\"><span style=\"text-decoration: underline;\">Roco 45343 &#8211; DB CARGO, Dienst uemh 472, SOS 2000, Lue-Begleitwagen, Umbau aus BDm 273, CARGO-rot, DB AG Keks und &#8218;Cargo&#8216; Aufdruck &amp; &#8222;Lue-Begleitwagen&#8220;, zum Begleit von Schwertransporten<br \/>\n<\/span><\/h1>\n<div id=\"attachment_4368\" style=\"width: 992px\" class=\"wp-caption aligncenter\"><a href=\"http:\/\/bodorasler.com\/wp-content\/uploads\/2016\/01\/Roco-45343-SOS-2000-Lue-Begleitwagen-Umbau-aus-BDm-273-rot-DB-AG-Keks-u.-Cargo-Aufdruck-Lue-Begleiwagen.jpg\"><img loading=\"lazy\" decoding=\"async\" aria-describedby=\"caption-attachment-4368\" class=\" wp-image-4368\" src=\"http:\/\/bodorasler.com\/wp-content\/uploads\/2016\/01\/Roco-45343-SOS-2000-Lue-Begleitwagen-Umbau-aus-BDm-273-rot-DB-AG-Keks-u.-Cargo-Aufdruck-Lue-Begleiwagen.jpg\" alt=\"\" width=\"982\" height=\"223\" srcset=\"http:\/\/bodorasler.com\/wp-content\/uploads\/2016\/01\/Roco-45343-SOS-2000-Lue-Begleitwagen-Umbau-aus-BDm-273-rot-DB-AG-Keks-u.-Cargo-Aufdruck-Lue-Begleiwagen.jpg 546w, http:\/\/bodorasler.com\/wp-content\/uploads\/2016\/01\/Roco-45343-SOS-2000-Lue-Begleitwagen-Umbau-aus-BDm-273-rot-DB-AG-Keks-u.-Cargo-Aufdruck-Lue-Begleiwagen-300x68.jpg 300w, http:\/\/bodorasler.com\/wp-content\/uploads\/2016\/01\/Roco-45343-SOS-2000-Lue-Begleitwagen-Umbau-aus-BDm-273-rot-DB-AG-Keks-u.-Cargo-Aufdruck-Lue-Begleiwagen-250x57.jpg 250w, http:\/\/bodorasler.com\/wp-content\/uploads\/2016\/01\/Roco-45343-SOS-2000-Lue-Begleitwagen-Umbau-aus-BDm-273-rot-DB-AG-Keks-u.-Cargo-Aufdruck-Lue-Begleiwagen-150x34.jpg 150w\" sizes=\"(max-width: 982px) 100vw, 982px\" \/><\/a><p id=\"caption-attachment-4368\" class=\"wp-caption-text\">45343<\/p><\/div>\n<p>&nbsp;<\/p>\n<h1 class=\"it-ttl\"><span style=\"text-decoration: underline;\">Roco 45366 &#8211; DB, Bahnhofswagen, SOS 2004 INTERNATIONAL COLLECTION, Bauzugwagen auf Hecht-Basis, blau<\/span><\/h1>\n<div id=\"attachment_4371\" style=\"width: 774px\" class=\"wp-caption aligncenter\"><a href=\"http:\/\/bodorasler.com\/wp-content\/uploads\/2016\/01\/Roco-45366-SOS-2004-IINTERNATIONAL-COLLECTION-Bauzugwagen-auf-Hecht-Basis-blau.jpg\"><img loading=\"lazy\" decoding=\"async\" aria-describedby=\"caption-attachment-4371\" class=\" wp-image-4371\" src=\"http:\/\/bodorasler.com\/wp-content\/uploads\/2016\/01\/Roco-45366-SOS-2004-IINTERNATIONAL-COLLECTION-Bauzugwagen-auf-Hecht-Basis-blau.jpg\" alt=\"\" width=\"764\" height=\"221\" srcset=\"http:\/\/bodorasler.com\/wp-content\/uploads\/2016\/01\/Roco-45366-SOS-2004-IINTERNATIONAL-COLLECTION-Bauzugwagen-auf-Hecht-Basis-blau.jpg 387w, http:\/\/bodorasler.com\/wp-content\/uploads\/2016\/01\/Roco-45366-SOS-2004-IINTERNATIONAL-COLLECTION-Bauzugwagen-auf-Hecht-Basis-blau-300x87.jpg 300w, http:\/\/bodorasler.com\/wp-content\/uploads\/2016\/01\/Roco-45366-SOS-2004-IINTERNATIONAL-COLLECTION-Bauzugwagen-auf-Hecht-Basis-blau-250x72.jpg 250w, http:\/\/bodorasler.com\/wp-content\/uploads\/2016\/01\/Roco-45366-SOS-2004-IINTERNATIONAL-COLLECTION-Bauzugwagen-auf-Hecht-Basis-blau-150x43.jpg 150w\" sizes=\"(max-width: 764px) 100vw, 764px\" \/><\/a><p id=\"caption-attachment-4371\" class=\"wp-caption-text\">45366<\/p><\/div>\n<p>&nbsp;<\/p>\n<h1 class=\"it-ttl\"><span style=\"text-decoration: underline;\">Roco 45449 &#8211; DB, Wohn-Schlafwagen 421, SOS 1999 IDEE&amp;SPIEL, Bauzugwagen, blau, Hecht<br \/>\n<\/span><\/h1>\n<p><a href=\"http:\/\/bodorasler.com\/wp-content\/uploads\/2016\/01\/Roco-45449-SOS-1999-IDEESPIEL-Bauzugwagen-blau-Hecht-Wohn-Schlafwagen.jpg\"><img loading=\"lazy\" decoding=\"async\" class=\" wp-image-4373 aligncenter\" src=\"http:\/\/bodorasler.com\/wp-content\/uploads\/2016\/01\/Roco-45449-SOS-1999-IDEESPIEL-Bauzugwagen-blau-Hecht-Wohn-Schlafwagen.jpg\" alt=\"\" width=\"765\" height=\"338\" srcset=\"http:\/\/bodorasler.com\/wp-content\/uploads\/2016\/01\/Roco-45449-SOS-1999-IDEESPIEL-Bauzugwagen-blau-Hecht-Wohn-Schlafwagen.jpg 500w, http:\/\/bodorasler.com\/wp-content\/uploads\/2016\/01\/Roco-45449-SOS-1999-IDEESPIEL-Bauzugwagen-blau-Hecht-Wohn-Schlafwagen-300x133.jpg 300w, http:\/\/bodorasler.com\/wp-content\/uploads\/2016\/01\/Roco-45449-SOS-1999-IDEESPIEL-Bauzugwagen-blau-Hecht-Wohn-Schlafwagen-250x111.jpg 250w, http:\/\/bodorasler.com\/wp-content\/uploads\/2016\/01\/Roco-45449-SOS-1999-IDEESPIEL-Bauzugwagen-blau-Hecht-Wohn-Schlafwagen-150x66.jpg 150w\" sizes=\"(max-width: 765px) 100vw, 765px\" \/><\/a><\/p>\n","protected":false},"excerpt":{"rendered":"<p>Update: 07.08.2017 &nbsp; &nbsp; \u00dcber 35 Dienstwagen verschiedener Hersteller stehen zum Verkauf &#8211; Liste anfordern oder geziehlt anfragen! &nbsp; &nbsp; Roco 45026 &#8211; DB, Messwagen, gr\u00fcn, &#8222;Lue-Messwagen&#8220;, fuer G\u00fctersendungen mit Lademass-\u00dcberschreitung, DB AG-Keks, angebaute Faltenbalge, SOS 2002 VEDES, Ep. V &nbsp; Roco 43146 &#8211; DB, Kran-Begleitwagen, ex-3-achs Umbauwagen, verkehrsrot, DB AG-Keks, SOS 2001,Ep.V &nbsp; Roco 47330 &#8211; DB, MD-Bahndienstwagen, verkehrsrot, DB AG, &#8222;Netz Notfalltechnik&#8220;, SOS 2000, IDEE &amp; SPIEL, Ep.V \u00a0 &nbsp; Lima HL 6006 &#8211; Bauzugwagen ex. Postwagen Post 2-a\/14, Bautruppfuehrerwagen 467, blau, Ep. IV Liliput 225821 &#8211; Wasserwagen, Feuerwehr, Basis: 4-achsiger Kesselwagen 400 hl, DB AG-Keks, gelb, Ep. V Liliput 225061 &#8211; DB Netz Notfalltechnik, Leckagekesselwagen, rot, weisse \u2026 <a class=\"continue-reading-link\" href=\"http:\/\/bodorasler.com\/?page_id=2618\"> Continue reading <span class=\"meta-nav\">&rarr; <\/span><\/a><\/p>\n","protected":false},"author":1,"featured_media":0,"parent":0,"menu_order":0,"comment_status":"closed","ping_status":"closed","template":"","meta":{"footnotes":""},"class_list":["post-2618","page","type-page","status-publish","hentry"],"_links":{"self":[{"href":"http:\/\/bodorasler.com\/index.php?rest_route=\/wp\/v2\/pages\/2618"}],"collection":[{"href":"http:\/\/bodorasler.com\/index.php?rest_route=\/wp\/v2\/pages"}],"about":[{"href":"http:\/\/bodorasler.com\/index.php?rest_route=\/wp\/v2\/types\/page"}],"author":[{"embeddable":true,"href":"http:\/\/bodorasler.com\/index.php?rest_route=\/wp\/v2\/users\/1"}],"replies":[{"embeddable":true,"href":"http:\/\/bodorasler.com\/index.php?rest_route=%2Fwp%2Fv2%2Fcomments&post=2618"}],"version-history":[{"count":29,"href":"http:\/\/bodorasler.com\/index.php?rest_route=\/wp\/v2\/pages\/2618\/revisions"}],"predecessor-version":[{"id":4647,"href":"http:\/\/bodorasler.com\/index.php?rest_route=\/wp\/v2\/pages\/2618\/revisions\/4647"}],"wp:attachment":[{"href":"http:\/\/bodorasler.com\/index.php?rest_route=%2Fwp%2Fv2%2Fmedia&parent=2618"}],"curies":[{"name":"wp","href":"https:\/\/api.w.org\/{rel}","templated":true}]}}